1 - 3) + 1?
4
What is the value of -2 + (3 + -6 + 1 - 1)?
-5
Evaluate -31 + 26 - (3 + -2 + -1).
-5
-5 - ((3 - 3) + 2) - -7
0
2 + -2 + -3 + 0
-3
Calculate (2 - 0) + (-2 - 0).
0
(10 + -30 - -14) + 16
10
-3 + 0 + -3 + 0 + 11
5
6 + 0 + -2 + -1 + -2
1
What is the value of 6 + (-3 - (-1 + 2))?
2
Evaluate -4 + (-1 - 2) + 5 - -3.
1
Calculate (-1 - (-3 - -3)) + 6.
5
Evaluate 2 + -2 - (4 - 5).
1
Calculate (2 + 1 - 5) + -2.
-4
Evaluate 1 - (-6 + (5 - (3 + -6))).
-1
What is (-12 - -12) + (0 - -2) + -1?
1
What is (18 - 17) + 4 + 0 + -3?
2
What is 7 + -7 - (0 - 2)?
2
What is the value of -10 - ((-2 - -8) + -15)?
-1
-3 + 1 + -4 + 10
4
What is -8 + -1 - (-7 - -3)?
-5
Evaluate 2 + -8 - (-16 - 0).
10
What is -6 + (3 - (-6 - -4))?
-1
Evaluate -4 - (4 + -1 - 3) - -2.
-2
What is 3 + -3 + 3 + -2 + 2?
3
Calculate 12 + 0 + -7 + -2.
3
-4 - (-3 + 4 + -3)
-2
What is (6 - (11 - 5 - 3)) + -1?
2
Calculate -10 + 6 - (-8 - 0).
4
What is the value of 10 + (-6 - -2) + -10?
-4
-8 - ((-13 - -3) + -2)
4
What is the value of -5 + (0 + -5 - -5)?
-5
What is the value of 2 - (-8 - -11 - -3)?
-4
Calculate 6 - (11 + 3 + -3).
-5
Evaluate 6 - 3 - ((-5 - -6) + -5).
7
What is the value of (-5 - 0) + 5 + (-7 - -3)?
-4
Evaluate 2 + (-1 - (5 + -2)).
-2
Evaluate (-2 - 0) + 3 - -4.
5
What is the value of ((-6 - -1) + 3 - -1) + 4?
3
Calculate (41 - 50) + 0 + 7.
-2
What is the value of 9 - (22 + 0 - 4)?
-9
What is -9 - (1 - (2 - -3)) - -4?
-1
What is the value of -6 + -8 + 17 + -8?
-5
What is -3 + 11 + (0 - 3)?
5
What is the value of 2 + 2 + 1 + -6?
-1
What is the value of 2 - (0 - 1 - -4)?
-1
Calculate (-6 - -8 - (2 + -2)) + -1.
1
Calculate -1 - (-4 - (-7 - -4)).
0
Evaluate 4 + 1 - (43 + -44).
6
Calculate -12 - (10 + -16 + -4).
-2
Evaluate 10 + (0 - 1) + -4.
5
Evaluate 2 - (-2 - (-3 - -5)).
6
4 + (-28 - -8) + 11
-5
Evaluate 5 + (-4 - (3 + -2 + -9)).
9
Evaluate 2 + (3 - (1 - -3)).
1
Calculate -4 + 0 + (-77 - -86).
5
What is the value of 1 - (10 + 7 + -10)?
-6
What is the value of (10 - (3 - -4)) + -3?
0
Calculate (-1 - -7) + (-15 - -12).
3
-13 - -9 - (-7 + 0)
3
Evaluate -2 + (8 - (-2 - 1) - 6).
3
Calculate -13 + 11 + (-2 + 1 - -2).
-1
Calculate -2 + 2 + (1 - 12) + 6.
-5
Evaluate -5 - 0 - (3 + 2 - 5).
-5
Calculate -4 - (-4 + -1) - (-19 + 26).
-6
What is 5 - (5 - 0 - (43 - 48))?
-5
What is 7 + (-3 - (-2 - -2) - 1)?
3
0 - (5 - (-2 + (4 - 0)))
-3
Evaluate (-4 - -2 - 0) + (9 - 4).
3
Calculate -4 - (18 - 11 - (0 + 12)).
1
Evaluate (11 + -1 - 6) + -8 + 0.
-4
What is -2 - -1 - (-8 + 1 - -7)?
-1
Evaluate -3 - ((0 - -1) + -5).
1
(1 - -4) + -3 + (-3 - 0)
-1
-4 + (-2 - (2 - 4 - 3))
-1
-1 - (3 - 1 - 5)
2
Calculate 6 + -3 + 0 + 1 - -1.
5
What is the value of 0 - (10 - 11) - (0 + 0)?
1
What is the value of (2 - -5) + -17 - -8?
-2
Calculate -5 - (3 + (-5 + 5 - 5)).
-3
Evaluate -28 + 26 + 2 + 4 + -6.
-2
Calculate -1 + (-7 + 3 - -1).
-4
What is the value of 2 + (-5 - (5 - 5))?
-3
Calculate 7 + (-7 + 0 - 1).
-1
Calculate (3 - (2 - -2)) + 2.
1
Calculate 1 - (-7 - 2 - (21 + -23)).
8
(7 - 4) + (-1 - (-2 + 2))
2
Evaluate (33 - 34) + (-2 - 0 - -3).
0
Evaluate (-10 - (-7 + 1)) + 10.
6
Calculate (-5 - -6) + (-3 - -4) + 0.
2
What is the value of 4 + -1 + -1 + -7 + 1?
-4
-10 + 0 - (32 + -44)
2
Evaluate -9 - (5 + 4 + -16).
-2
-17 + 20 + 0 + -2 - 5
-4
((3 - 1) + 0 - 6) + 0
-4
Evaluate 1 - ((3 - 4) + -5) - 15.
-8
48 - 46 - (2 - 0)
0
What is (4 - 8) + -4 + 10 + 0?
2
What is the value of 2 + -4 + 1 - -5?
4
What is -21 + 26 - (4 + 1 + -2)?
2
Calculate 5 + (3 - (2 + 2)).
4
Calculate -2 - (-4 - -1 - 2 - 1).
4
What is the value of -4 - (-4 + -1 + 4)?
-3
What is 6 - (3 - (0 - -2))?
5
What is the value of (1 - 0 - 4) + 4?
1
Evaluate -9 + (12 - 6) + -2.
-5
Calculate -6 - (1 + 6 + -6 + -3).
-4
What is 2 + -2 + 5 + -6?
-1
Calculate 4 + -1 + 9 + -9 - 3.
0
What is the value of 0 + (4 - 4) + -1 + -5?
-6
What is 2 + -2 - (1 + -5)?
4
2 - (3 + -3 + -1) - -2
5
-1 + 2 + -3 + -92 + 94
0
Calculate 6 - (11 + -1 + -9).
5
3 + (-1 - 0) + 3 + -4
1
What is (-3 - -1) + 0 - 0 - 0?
-2
Calculate -2 - (2 + 0 + -2 - -3).
-5
Calculate (-3 - 7 - -5 - -2) + 6.
3
Calculate 9 + -9 + (7 - 12).
-5
Calculate -8 + (2 - (-5 + 4 - 3)).
-2
What is (-3 - -6) + (1 - 3)?
1
Evaluate (-7 - (7 - 1)) + 6 - -6.
-1
Calculate 2 + -8 + (2 - -2).
-2
-83 - -86 - (1 - 1)
3
Calculate -12 + (4 - (-8 + 4)).
-4
-1 + -3 - -10 - 6
0
Calculate 16 - (-3 + 6) - 7.
6
What is 3 + 5 + 3 - (1 + 4)?
6
What is the value of (13 - 4) + -16 + 0 + 2?
-5
What is the value of (-9 - (-9 + 4)) + 8 + -3?
1
5 + (5 - (6 + 6))
-2
What is the value of -5 + (3 - -4 - 6)?
-4
What is the value of 9 + -25 + 6 + (0 - -3)?
-7
What is (1 - 6) + 12 + -9?
-2
10 + -9 + (-5 - -6)
2
68 + -65 + 1 + (-6 - -1)
-1
Calculate (7 - (2 - -1)) + -1.
3
What is (13 - 7) + -2 + 0 + 1?
5
What is 2 + (-3 - 1) + 4?
2
Calculate (-10 - -5) + 4 - 4.
-5
Evaluate (8 - 9 - 8) + 4.
-5
-4 - (-7 + 0 + (-3 - -5))
1
Calculate -7 + (-7 - (0 - 6)) + 4.
-4
What is 1 - (2 + -2 + 0)?
1
Calculate (2 - 8 - 0) + 1.
-5
Evaluate (13 - 5) + -3 + 3.
8
Calculate 4 + (-10 + 4 - (-4 + 1)).
1
What is -15 - -6 - -6 - (-10 - -4)?
3
Calculate 2 - (-5 - (0 - 5)).
2
What is -2 + 1 - (-21 + 2 - -14)?
4
What is the value of -3 + 4 + (1 - (2 + 2))?
-2
Evaluate -8 + 1 + -1 - (94 - 101).
-1
(-1 - 1) + -12 + 10 + 8
4
What is 5 - 13 - (-5 + 2 + -2)?
-3
Evaluate -3 + -2 + -3 + 6 - 5.
-7
Calculate -1 + (4 + -2 - 0) + -2.
-1
-7 + 3 + 6 - 3
-1
What is the value of -1 + -2 - (0 + 3 + -11)?
5
What is (11 - -3) + -9 - 10?
-5
Evaluate -11 + 1 + -20 + 24.
-6
What is -3 - (-4 + -4 + 9) - -8?
4
Evaluate (-3 + 6 - (0 + -1)) + -1.
3
What is the value of -1 + 5 + -1 - 2?
1
What is the value of -3 + (0 - (-1 - 2)) + 0?
0
What is 15 + -11 + 1 + 0 + 0?
5
What is (-6 - (-4 - 3)) + (-1 - 5)?
-5
What is the value of (-1 - -9) + 38 + -37?
9
8 + (-10 - -12) - 4
6
4 - -1 - (19 + -9 - 11)
6
Evaluate -13 + 9 + -1 + -2.
-7
15 + -20 - (0 + 0 + -5)
0
What is the value of -8 - -6 - (5 - 1)?
-6
What is -1 - (8 - (-2 + 12))?
1
What is -3 + (0 - (-2 + -2 + 2))?
-1
Evaluate -10 + 7 - (-8 - 1 - -1).
5
Calculate 1 + (-22 - -23) + (-4 - 0).
-2
Calculate (-2 - 6 - -1) + (3 - 1).
-5
-9 + 14 + 8 + -12
1
5 + -2 + (5 - 10)
-2
Calculate 29 - 21 - (1 - -4) - -4.
7
What is the value of (14 + -5 + -4 - 7) + -6?
-8
-1 + -5 + -2 + 5
-3
What is 4 + 4 - 4 - (-1 + 11)?
-6
11 + -2 + (4 - 5) - 3
5
4 + (4 - ((0 - -8) + -3))
3
What is the value of 0 + -7 + -1 + (-14 - -28)?
6
What is -3 + 5 + (-1 - 1) - 2?
-2
What is the value of -17 - (3 + 10 + -22)?
-8
What is 6 + (-7 - -1 - (20 + -16))?
-4
1 - (0 - (-3 - -4))
2
What is the value of (-12 - 1) + (-20 - -27)?
-6
What is the value of -12 + (24 - 13) + -1?
-2
What is the value of (3 - 0) + 2 - 4?
1
Calculate 0 + -1 + 1 - -4.
4
Evaluate (11 - 9) + (-2 - -1) + 1.
2
What is 1 - 8 - (13 + -14 + 0)?
-6
Calculate -5 - (-12 + (-5 - -10)).
2
0 - 2 - (-15 + 9 + 8)
-4
What is the value of -1 - (14 - 5 - 5)?
-5
Evaluate 19 - 27 - (-1 + -3).
-4
6 + (-1 - -1) + -10
-4
Evaluate (-2 - (-5 - -5)) + 4 + 4.
6
Evaluate -14 - (-24 - -10 - -9).
-9
Calculate 8 + -16 + (-3 - -10).
-1
Evaluate (10 - 9) + -1 + (3 - -2).
5
What is the value of (-1 - 4 - -2) + 0 + 0?
-3
What is 3 + (0 - -1 - 3)?
1
What is the value of 0 + 7 + (-5 - -2)?
4
What is the value of 0 + 1 - (3 + -4)?
2
Calculate 1 + 7 + -9 - (-5 + 2).
2
What is 3 + (-6 - 0) + 7?
4
Evaluate 116 + -121 - ((1 - -2) + -1).
-7
Calculate 0 - -3 - (-1 - (-4 + 0)).
0
What is the value of 6 - 2 - (0 - (3 + 3))?
10
What is (-13 + -5 - -8) + 10?
0
-6 - 0 - (-5 - (8 - 12))
-5
What is the value of (0 - (-2 + 1)) + 5?
6
What is 4 + 10 + -1 - 5?
8
Calculate (-1 - -4) + -6 + 7.
4
-12 - (12 - 1 - 20)
-3
Calculate 6 + -3 + 0 + (-1 - -1).
3
Calculate -5 + (1 - 1 - (-11 + 10)).
-4
Evaluate 0 + -1 + 8 - (1 - -2).
4
6 - (5 + (8 - 4))
-3
Evaluate 8 + 4 + -11 + 0.
1
What is the value of -127 - -133 - (-1 - -2)?
5
1 - -7 - (104 + -99)
3
-3 - (0 + -2 + 1 + 0)
-2
(-7 - (-1 + -3)) + 9
6
5 + (4 - 5) + 4 + -4
4
Evaluate -3 + -1 + -4 + 0 + 4.
-4
-2 + 0 + -3 + 4 - -3
2
What is 0 + (1 - -1) + (61 - 54)?
9
Evaluate -16 - (2 - 9) - -3.
-6
What is 0 + 1 + 10 + -8?
3
What is -3 - (5 + -4 - -2 - 1)?
-5
What is 1 + -5 + 2 + -3?
-5
Evaluate (4 - (-3 + 6)) + -3 + 1.
-1
What is the value of (-3 + -1 - -9) + 0?
5
-4 + -1 - (-54 - -58)
-9
(-6 - -1) + 4 - (-4 + 1)
2
Calculate 9 + -16 + 2